s the greatest common factor of 1610 and 280?
70
What is the highest common factor of 28 and 3356?
4
What is the highest common factor of 1250 and 75?
25
What is the highest common divisor of 32 and 640?
32
Calculate the greatest common factor of 55 and 220.
55
Calculate the greatest common factor of 1392 and 240.
48
Calculate the greatest common divisor of 62 and 124.
62
What is the highest common factor of 273 and 429?
39
Calculate the highest common divisor of 57 and 24.
3
Calculate the greatest common factor of 75 and 12675.
75
Calculate the highest common factor of 308 and 518.
14
Calculate the greatest common factor of 416 and 64.
32
Calculate the greatest common factor of 3 and 237.
3
Calculate the highest common divisor of 427 and 49.
7
What is the greatest common factor of 238 and 42?
14
What is the greatest common divisor of 80 and 6?
2
What is the greatest common divisor of 8 and 4232?
8
What is the highest common divisor of 28 and 1582?
14
What is the highest common divisor of 7 and 71407?
7
What is the highest common factor of 330 and 45?
15
What is the highest common divisor of 23 and 5888?
23
What is the greatest common factor of 29 and 15341?
29
Calculate the highest common factor of 54 and 4896.
18
What is the highest common factor of 100 and 175?
25
What is the highest common factor of 825 and 33?
33
Calculate the greatest common factor of 20 and 7490.
10
What is the highest common divisor of 12609 and 27?
27
What is the highest common divisor of 517 and 235?
47
What is the highest common factor of 4 and 496?
4
What is the highest common factor of 372 and 4557?
93
Calculate the greatest common divisor of 1195 and 15.
5
Calculate the greatest common divisor of 396 and 36.
36
What is the highest common divisor of 472 and 59?
59
Calculate the highest common factor of 7953 and 22.
11
What is the greatest common factor of 30320 and 120?
40
What is the greatest common divisor of 10016 and 32?
32
Calculate the greatest common divisor of 10 and 6470.
10
What is the highest common factor of 9 and 1179?
9
Calculate the greatest common factor of 2655 and 708.
177
What is the highest common divisor of 17360 and 420?
140
Calculate the greatest common factor of 13 and 884.
13
Calculate the highest common factor of 80 and 32.
16
Calculate the highest common divisor of 38 and 6821.
19
What is the greatest common divisor of 152 and 437?
19
Calculate the greatest common divisor of 4 and 334.
2
What is the greatest common divisor of 44 and 110?
22
Calculate the greatest common factor of 12 and 56.
4
Calculate the greatest common divisor of 69 and 1909.
23
What is the highest common divisor of 754 and 26?
26
Calculate the highest common factor of 44 and 88.
44
Calculate the highest common divisor of 81 and 405.
81
What is the greatest common factor of 48 and 15?
3
What is the greatest common divisor of 833 and 49?
49
Calculate the greatest common factor of 450 and 18.
18
What is the greatest common divisor of 2 and 88?
2
Calculate the greatest common factor of 75 and 3075.
75
What is the greatest common divisor of 528 and 21?
3
Calculate the greatest common factor of 649 and 319.
11
Calculate the greatest common factor of 90 and 54.
18
What is the highest common divisor of 5596 and 2?
2
Calculate the highest common factor of 539 and 11.
11
What is the highest common factor of 24 and 128?
8
Calculate the greatest common factor of 81 and 351.
27
What is the greatest common divisor of 6752 and 32?
32
Calculate the highest common factor of 28 and 31990.
14
Calculate the highest common divisor of 4381 and 13.
13
What is the highest common divisor of 5239 and 31?
31
What is the greatest common factor of 351 and 39?
39
Calculate the highest common divisor of 6 and 12123.
3
Calculate the highest common factor of 3046 and 4.
2
What is the greatest common factor of 720 and 1170?
90
What is the greatest common factor of 9741 and 17?
17
Calculate the greatest common factor of 1391 and 26.
13
What is the greatest common divisor of 192 and 1216?
64
Calculate the highest common factor of 31 and 5704.
31
What is the highest common factor of 16930 and 10?
10
What is the greatest common factor of 35 and 2695?
35
What is the highest common factor of 1 and 138?
1
What is the highest common divisor of 99 and 143?
11
Calculate the highest common factor of 2 and 450.
2
What is the greatest common divisor of 6120 and 72?
72
What is the greatest common factor of 7 and 679?
7
What is the highest common factor of 356 and 4?
4
Calculate the highest common divisor of 135 and 15.
15
Calculate the greatest common divisor of 114 and 1938.
114
What is the greatest common factor of 21 and 1820?
7
Calculate the greatest common factor of 469 and 161.
7
Calculate the highest common divisor of 322 and 14.
14
What is the greatest common divisor of 3043 and 102?
17
Calculate the highest common factor of 9048 and 2552.
232
What is the highest common divisor of 435 and 45?
15
What is the greatest common divisor of 1127 and 49?
49
What is the greatest common divisor of 205 and 15?
5
Calculate the greatest common factor of 153 and 51.
51
What is the highest common factor of 11 and 4609?
11
Calculate the highest common factor of 16 and 3440.
16
Calculate the highest common divisor of 28 and 1806.
14
What is the greatest common factor of 203 and 4959?
29
What is the highest common divisor of 224 and 32?
32
What is the highest common factor of 1577 and 76?
19
Calculate the greatest common divisor of 912 and 32.
16
What is the highest common factor of 63 and 189?
63
What is the highest common factor of 24 and 8?
8
What is the greatest common divisor of 127 and 1905?
127
What is the greatest common factor of 1512 and 112?
56
Calculate the highest common divisor of 22 and 1342.
22
Calculate the highest common factor of 112 and 172.
4
What is the greatest common factor of 30 and 2000?
10
What is the greatest common factor of 162 and 342?
18
Calculate the highest common factor of 36 and 108.
36
Calculate the greatest common factor of 231 and 11.
11
What is the greatest common divisor of 2306 and 2?
2
What is the greatest common divisor of 45 and 27?
9
Calculate the greatest common factor of 23 and 3266.
23
Calculate the highest common divisor of 357 and 153.
51
Calculate the greatest common factor of 135 and 390.
15
Calculate the greatest common divisor of 92 and 11132.
92
Calculate the greatest common divisor of 891 and 24354.
297
What is the highest common divisor of 12 and 2442?
6
What is the greatest common divisor of 2392 and 4600?
184
Calculate the highest common factor of 8 and 45016.
8
What is the highest common divisor of 13312 and 1040?
208
What is the highest common factor of 16 and 272?
16
What is the highest common factor of 56 and 154?
14
What is the highest common factor of 149 and 38293?
149
What is the highest common divisor of 288 and 96?
96
Calculate the greatest common factor of 3861 and 132.
33
What is the highest common divisor of 60 and 30?
30
What is the highest common factor of 56 and 1256?
8
Calculate the highest common factor of 19383 and 273.
273
What is the greatest common divisor of 910 and 40?
10
What is the highest common factor of 1564 and 6072?
92
What is the highest common factor of 1210 and 2?
2
Calculate the highest common divisor of 99 and 747.
9
What is the greatest common factor of 2686 and 34?
34
What is the highest common factor of 6900 and 828?
276
What is the highest common divisor of 2 and 43?
1
What is the greatest common factor of 13 and 4069?
13
What is the highest common divisor of 56 and 8?
8
Calculate the highest common factor of 175 and 245.
35
What is the highest common divisor of 78 and 42?
6
What is the highest common divisor of 143 and 6479?
11
Calculate the greatest common divisor of 12 and 138.
6
Calculate the greatest common divisor of 21 and 1001.
7
Calculate the highest common divisor of 915 and 285.
15
What is the greatest common divisor of 291 and 97?
97
Calculate the greatest common factor of 4 and 344.
4
Calculate the greatest common factor of 432 and 32.
16
What is the highest common factor of 6 and 1902?
6
What is the highest common divisor of 84 and 294?
42
What is the highest common divisor of 925 and 25?
25
Calculate the g